. Calculate the remainder when z is divided by b.
15
What is the remainder when 66 is divided by 38 + 6*24/36?
24
Suppose 3*i = 5*i - 52. Let u = 19 + i. What is the remainder when u is divided by 13?
6
Suppose 3*k - 12 = 0, -5*b + k - 2*k + 59 = 0. Calculate the remainder when 15 is divided by b.
4
Let w(b) = b**2 - 5. Let u = -24 - -17. Calculate the remainder when w(u) is divided by 15.
14
Let h = -101 + 45. Suppose 0 = -2*z + 57 - 5. What is the remainder when z is divided by h/(-6)*6/4?
12
Let o be (-2)/(-8) - 114/(-24). Suppose o*d = 2*c + 335, -3*c - 25 = 2*c. Calculate the remainder when d is divided by (-310)/(-18) - (-2)/(-9).
14
Let j(b) = -51*b + 27. What is the remainder when j(-3) is divided by 27?
18
Suppose -30 = -6*m - 6. Suppose m*k = 17 + 47. Calculate the remainder when 46 is divided by k.
14
Suppose -b + 0*b + x + 13 = 0, b + 3*x = 13. Suppose 90 = 9*w - 252. What is the remainder when w is divided by b?
12
Let b(v) = -v + 14. Let d be b(-8). Calculate the remainder when 10 is divided by 22/121 - (-62)/d.
1
Let z(b) = -b + 23. What is the remainder when 96 is divided by z(2)?
12
What is the remainder when 88 is divided by ((-92)/(-14))/(50/175)?
19
Suppose -5*o + 5*a = -15, 2*a + 0*a + 21 = 5*o. What is the remainder when 17 is divided by o?
2
Let p(x) = 89*x**2 - 2*x + 4. Calculate the remainder when p(1) is divided by 46.
45
Let o(c) = 3*c**2 + 13*c. Let a be o(-6). Let w be (-61)/5 - (-6)/a. Let s = 2 - w. Calculate the remainder when s is divided by 8.
6
Suppose 23*u = 26*u - 81. Calculate the remainder when u is divided by 16.
11
Suppose 2*q - 131 = -405. Let n = q + 198. What is the remainder when n is divided by (-390)/(-18) + 2/(-3)?
19
Suppose 3*b = 2*t - 57, -5*t + 60*b + 105 = 65*b. Calculate the remainder when 118 is divided by t.
22
Let l = -223 - -338. Suppose 2*j = l - 45. Let b = 543 + -534. Calculate the remainder when j is divided by b.
8
Let t be -5*(1 + -2 + 0). Suppose -5*v + h - 2*h + 55 = 0, t*h = v + 15. What is the remainder when 28 is divided by (v/(-3))/(6/(-18))?
8
Let d = 40 - 38. Suppose -w = m - 50, 0 = 5*w - 0*m + d*m - 253. Calculate the remainder when w is divided by 9.
6
Let i be 15/7 - 8/56. Suppose f = i*l - 8 - 103, l - 5*f - 69 = 0. Calculate the remainder when l is divided by 11.
10
Suppose -18*g = -1268 - 2278. What is the remainder when g is divided by 25?
22
Suppose q - 2*s - 334 = 0, -3*q + 11*s = -0*s - 1012. What is the remainder when q is divided by 19?
7
Suppose -3*y + 6*y + 9 = 0. Let p be y/(-5) + (-47)/(-5). Suppose 5*j - 100 = -p. What is the remainder when 51 is divided by j?
15
Suppose -2*a = 4, 2*v = -a - a + 162. Let c(l) = l**3 + 12*l**2 - 30*l - 6. Calculate the remainder when v is divided by c(-14).
17
Suppose 14 = 5*o + a, -o - o - a + 8 = 0. Let b(y) = 18*y - y**o - 18*y + 3. What is the remainder when 11 is divided by b(0)?
2
Suppose -7*p - 168 = -15*p. Calculate the remainder when 963 is divided by p.
18
Let v(j) = -7*j - 25. Let m be v(-4). Suppose x - m*x = -88. Calculate the remainder when 85 is divided by x.
41
Suppose -3*x + 50 = 2*y, -x = y + x - 27. Calculate the remainder when y is divided by 25/(-40)*-4*(-4)/(-5).
1
Let j(z) = z**2 - 5*z - 3. Suppose w + 3*a = 12, 0 = -5*w - 5*a - 0*a + 10. What is the remainder when 82 is divided by j(w)?
19
Let x be -8*(-2 + 1)*-70. Let n(z) = z**3 - 9*z**2 + 10*z - 1. Let u be n(8). Calculate the remainder when x/(-25) + (-6)/u is divided by 6.
4
Let p(u) = -18*u + 183. What is the remainder when 74 is divided by p(9)?
11
Suppose 13*v + 23*v - 468 = 0. Calculate the remainder when 817 is divided by v.
11
Suppose -4*g - 1 - 33 = -5*c, 2*c + 2*g - 28 = 0. What is the remainder when 149 is divided by c?
9
What is the remainder when ((-40)/(-25)*22)/((-2)/(-105)) is divided by 50?
48
Suppose 10*i - 318 = -38. What is the remainder when 85 is divided by i?
1
Let p = -464 + 889. Suppose p - 84 = 11*w. What is the remainder when w is divided by 13?
5
Let r = 5 + 0. Let w = 78 + r. Let d = 170 - w. What is the remainder when d is divided by 30?
27
Suppose -3*j + 8 = -j - 2*o, 2*o = 3*j - 17. Suppose -48 = -3*l + b, 3*b + 67 + j = 5*l. Calculate the remainder when 66 is divided by l.
15
Let t = 549 - 509. Suppose 0 = -o - 3*o + 8. What is the remainder when t is divided by o?
0
Let x(c) = -5*c + 6*c - 9 + c. Let d be x(5). Calculate the remainder when 28 is divided by -5*(-2 + -1 + d).
8
Suppose 0*f - 16 = -f. Let r = f + -7. What is the remainder when 23 is divided by -1 - (-9)/(r/10)?
5
Let x(g) = -g**2 + 11*g - 12. Let o be x(9). Suppose 2*l + o = 5*l. Calculate the remainder when l/1 + 7*5 is divided by 10.
7
Suppose -82 + 10 = -4*f. What is the remainder when 175 is divided by f?
13
Let o(s) = -s**3 + 18*s**2 - 13*s + 11. Let k be ((-2)/4)/(3/12). Let b be (k + -1 - -20) + 0. Calculate the remainder when o(b) is divided by 20.
19
Suppose -4*s + 220 - 35 = 3*k, -5*k - 3*s + 290 = 0. Suppose -591 = -45*x + 759. Calculate the remainder when k is divided by x.
25
Suppose 72 = 5*u - u. Let j(z) = z**3 - 19*z**2 + 19*z - 7. What is the remainder when 28 is divided by j(u)?
6
Let g(j) = j**3 + 8*j**2 - 7*j. Suppose 0 = -2*c, 2*b - 2*c = c - 18. Let a be g(b). Let p = a - -74. What is the remainder when p is divided by 29?
27
Let d = 221 - 160. What is the remainder when d is divided by 22?
17
Let i(z) = 2*z**2 - 2*z + 1. What is the remainder when -3 + -1 + (-4)/(16/(-220)) is divided by i(-2)?
12
Suppose 0 = 4*o + 4*y + 16, -2*o - 7 = o + 2*y. Let a = 26 + -36. What is the remainder when (-25)/a - 9/6 is divided by o?
0
Let r(t) be the first derivative of -t**4/4 - 2*t**3/3 + 5*t**2/2 + 5*t - 3. Calculate the remainder when r(-5) is divided by 14.
13
Let d = -69 + 142. What is the remainder when 210 is divided by d?
64
Let w = 167 - 95. Let x = w - 41. Calculate the remainder when x is divided by 11.
9
Suppose -5*y - 3*g = -0*y - 371, -3*y - 4*g + 216 = 0. Calculate the remainder when y is divided by 11.
10
Suppose 5*o - 372 = -4*y, 0 = -7*o + 4*o + 2*y + 210. Let h = -30 + 45. Calculate the remainder when o is divided by h.
12
Suppose 15*r - 20*r + 30 = 0. Calculate the remainder when 19 is divided by r.
1
Suppose 0 = 4*p - 5*u, -3*p - 5 + 16 = -u. Suppose -235 = -p*q - 3*c, 2*q = 4*c - c + 73. Calculate the remainder when q is divided by 16.
12
Let n = 41 - 1. Let b = n - 24. Suppose -w + 25 = j - 8, 4*w - 3*j - 118 = 0. What is the remainder when w is divided by b?
15
Let k(d) be the third derivative of -d**6/120 - 7*d**5/20 + 7*d**4/8 - 5*d**3/6 + 10*d**2. Calculate the remainder when 47 is divided by k(-22).
13
Suppose -21*y + 19*y + 234 = 5*b, -5*y - b = -608. What is the remainder when 603 is divided by y?
115
Suppose -120*o + 114*o = -192. Calculate the remainder when o is divided by 3.
2
Suppose -3*v - 1 = -7, 0 = b + v - 485. Calculate the remainder when b is divided by 97.
95
Let s(x) = -2*x**2 + 81*x + 256. What is the remainder when s(42) is divided by 89?
41
Let u = 1422 - 1337. What is the remainder when u is divided by (2/3)/((-6)/(-261))?
27
Let s be ((-2)/(-1))/((-4)/(-10)). Suppose -31 = -i + s*n, -3*i - n - n + 8 = 0. What is the remainder when (16/5)/(2/10) is divided by i?
4
Let a = -10 + 13. Let l = 25 - 2. What is the remainder when -268*(39/(-12) + a) is divided by l?
21
Suppose 3*s = 27 - 6. Let x(v) be the third derivative of -v**5/60 + 3*v**4/8 - v**3/2 + 14*v**2. What is the remainder when x(7) is divided by s?
4
Suppose 0 = q - 5*u - 94, 3*u + 0*u = -3. What is the remainder when 526 is divided by q?
81
Suppose 0*n + n - 22 = 0. Suppose 0 = 4*h - 46 - n. Suppose 0 = 4*v - 2*v + 3*j - 173, 0 = 5*v - 3*j - 401. What is the remainder when v is divided by h?
14
Calculate the remainder when (-3045)/(-77) + 30/(-55) is divided by 24.
15
Suppose -3*l + 12 = -2*t + 5*t, 0 = 3*t - 4*l - 19. Suppose 0 = 2*b + 4*h - 4, 3*b + 49 = t*b - 5*h. Calculate the remainder when b is divided by 7.
5
Let p = -150 + 232. What is the remainder when p is divided by (-72)/(-6) + (-1 - -1)?
10
Let x(t) = -t + 4. Let y(h) = -5*h**2 + 30*h - 3. What is the remainder when y(5) is divided by x(-8)?
10
Suppose 5*h + 2 = 27. Calculate the remainder when h is divided by 4/(-2)*(0 + 1 + -3).
1
Let q = -10 + 15. Suppose 579 + 